25 - t. List the prime factors of z.
2, 5
Suppose 0 = 2*y - 0*y - 14. Let q = y - -18. List the prime factors of q.
5
List the prime factors of (16/6)/(12/(7337 + 7)).
2, 3, 17
Let m be 11/((15/42)/(-5)). Let f = -50 - m. Let p = -49 + f. List the prime factors of p.
5, 11
Let w = -134 - -176. List the prime factors of w.
2, 3, 7
Let w(k) = 2*k. Suppose 0 = -x - 5*r + r + 6, -4*r = 0. Let t be w(x). Let i = -6 + t. What are the prime factors of i?
2, 3
Let t = -821 + 1378. What are the prime factors of t?
557
Let o(j) = -j**2 - 8*j + 2. Let b be o(-8). Suppose 57 = 3*p - b*i - 824, i = p - 292. List the prime factors of p.
3, 11
Let x(g) = -3367*g**2 + g + 1. Let d be x(-1). List the prime factors of d/(-65) - (-1)/5.
2, 13
Let x(q) = -2*q**3 + 61*q**2 + 107*q - 9. What are the prime factors of x(31)?
2347
Let p(j) = -58*j + 31. What are the prime factors of p(-2)?
3, 7
Let p(k) = 0*k + 45*k**2 - k - 3 - 3*k. What are the prime factors of p(-1)?
2, 23
Let a = 14 - 14. Suppose -3*w + 8*w + 45 = a. Let o = w + 14. What are the prime factors of o?
5
Let x(p) = -3*p - 4. Let o be x(-2). Suppose -3*u + o*f - 5*f + 189 = 0, 4*f + 12 = 0. What are the prime factors of u?
2, 3, 11
Let q(h) = h**3 - 14*h - 13 + 3*h + h + 3*h**2. List the prime factors of q(-3).
17
Let o(r) = -r**2 + 6*r - 3. Let u be o(4). Suppose -u*c + 738 = 33. List the prime factors of c.
3, 47
Let k(o) = 53*o - 1. Let w be k(1). Suppose 7*n = w + 690. List the prime factors of n.
2, 53
Let s be (-3)/6 - 15/(-2). Let g(x) = 827*x + 4 - 828*x + 4*x**2 - 3*x**2. List the prime factors of g(s).
2, 23
Let t = 1256 + -104. List the prime factors of t.
2, 3
Let r = -31 + 47. Suppose 9*i = 5*i + r. What are the prime factors of i?
2
Let a(y) = -25*y + 4. Let l be a(2). Suppose -26 = -3*q - 125. Let j = q - l. List the prime factors of j.
13
Let r(l) = 4*l**2 + 5*l + 2. Let s be r(-2). Suppose 113 = s*g - 15. List the prime factors of g.
2
Let i(f) = 3*f**2 + 17*f - 20. Let s(u) = -u**2 - 6*u + 7. Let c(a) = 4*i(a) + 11*s(a). Let b be (-4)/(-14) + (-111)/21. What are the prime factors of c(b)?
2, 3
Let w = 1027 - 256. What are the prime factors of w?
3, 257
Suppose -17*r + r + 704 = 0. List the prime factors of r.
2, 11
Suppose -19*l - 3695 = -24*l. List the prime factors of l.
739
List the prime factors of (-4)/6*4710/(-4).
5, 157
Let p = 879 + -689. What are the prime factors of p?
2, 5, 19
Suppose -1646 = 126*s - 128*s. List the prime factors of s.
823
Suppose -3*x = -0*x - 27. Suppose -4*g = -x*g + 30. What are the prime factors of (78/(-15))/(g/(-15))?
13
Let y = 506 + -33. List the prime factors of y.
11, 43
Let g(i) = i**2 + 14*i + 13. Let m be g(-13). Suppose m = -f - 2*f + 78. Suppose 2*d + f = 4*d. List the prime factors of d.
13
Suppose -8*u = 7*u - 22365. What are the prime factors of -5*u/(-39) + 6/(-39)?
191
Let o = -215 - -551. Let i = o - 202. What are the prime factors of i?
2, 67
Let t(v) = -v**2 - 12*v - 17. Let l be t(-10). Let p(x) = 2*x**3 - 3*x + 1. What are the prime factors of p(l)?
2, 23
Suppose m - u - 1492 = 2405, -3*m + 5*u = -11695. What are the prime factors of m?
5, 19, 41
Let u(i) = 16*i**3 + 2*i + 1. Let g be u(-1). Let v = g + 20. Suppose 0 = -3*s + 2*s + v. What are the prime factors of s?
3
Suppose -p - 5*d + 36 = 2*p, -2*p + d + 11 = 0. Let x(t) = -2*t - 3*t**2 + 4*t**2 + 2 - t. List the prime factors of x(p).
2, 3, 5
Let t = 195 - -172. What are the prime factors of t?
367
Suppose 3*s - 1756 = -3*u - 643, s = -4*u + 362. What are the prime factors of s?
2, 11, 17
Suppose 5*m - 3365 = 5*w, 8*m - w + 2712 = 12*m. List the prime factors of m.
677
Let h be 5/((-10)/8) - -8. Suppose -4*g + h = -2*n, -4*n - n + 2 = -4*g. Suppose -u + n*u = 22. List the prime factors of u.
2, 11
Let s be 9/(-45)*4/((-4)/5). Let g(b) = -17*b**2 - 4*b. Let j(u) = 69*u**2 + 17*u. Let f(y) = -9*g(y) - 2*j(y). List the prime factors of f(s).
17
Let q be (-2)/(-8) - 502/(-8). Let o = 130 - q. What are the prime factors of o?
67
Suppose -4*m + 5*j + 2599 - 556 = 0, j - 1 = 0. List the prime factors of m.
2
Suppose 4*i = 2*i - 3*i. Suppose i*n = 2*n - 100. List the prime factors of n.
2, 5
Let n = 644 - 303. List the prime factors of n.
11, 31
Let v(c) be the third derivative of -19*c**4/24 - 23*c**3/6 + 26*c**2. What are the prime factors of v(-12)?
5, 41
Let o = 8 + 0. List the prime factors of o/44 - (-1 + (-3591)/33).
2, 5, 11
Let z(p) be the first derivative of p**3/3 - 3*p**2/2 + 6*p - 6. Let s be z(5). Suppose -1 = -v + s. What are the prime factors of v?
17
Suppose -67*g - 2312 = -71*g. What are the prime factors of g?
2, 17
Let g be (-18 + 18)*(1 + 0/1). Suppose 0 = -2*x - 6, -2*n + x = -g*x - 187. What are the prime factors of n?
2, 23
Suppose 1010 = 3*s - 337. List the prime factors of s.
449
Suppose 28*k - 4402 = 20098. What are the prime factors of k?
5, 7
Suppose 0 = -11*f + 7*f + 20. Suppose f*h - h = 152. Suppose -5*y + k = -114 - 82, k = -y + h. List the prime factors of y.
3, 13
Let r be (-6)/(-3)*(-3 + 18). Let d be (r/(-9))/((-2)/3). Suppose 167 = d*i + 3*j, 4*i - j - 171 = -i. List the prime factors of i.
2, 17
Let r = -271 + 263. Suppose -c = -7*j + 2*j + 11, 5*c - 11 = 3*j. List the prime factors of (c/r)/(2/(-56)).
2, 7
Let p(y) = 2733*y**2 - 7*y + 5. What are the prime factors of p(1)?
2731
Let w be 0/(-5) - 4/(-2). Suppose w*i - 21 = -0*i + m, -4*m + 20 = 5*i. What are the prime factors of (-2)/1 - (-200)/i?
23
Suppose 209*l - 215*l = -222. List the prime factors of l.
37
Let x = 15 + -22. Let z be x/21 - 16/(-3). Suppose -z = f - 56. List the prime factors of f.
3, 17
Let a(m) be the first derivative of 5*m**2/2 + 10*m - 5. Let n be a(-9). Let b = -13 - n. List the prime factors of b.
2, 11
Suppose -4950 = -2*t - 5*q, 13*t - 14*t - 4*q = -2478. What are the prime factors of t?
2, 5, 13, 19
Let t(w) = -w**3 + 4*w**2 - w - 3. Let n be t(3). Suppose -3*m = -s - 63, -n*m + 82 = m - 2*s. List the prime factors of m.
2, 11
Let t be (-1 - 1)/(-1) + 23. Let a(m) = -m - 2. Let b be a(6). Let y = b + t. List the prime factors of y.
17
Let d(f) = -2*f. Let c be d(-1). What are the prime factors of c/(-12) - (-5 - 1660/24)?
2, 37
What are the prime factors of ((-2115)/(-12)*2)/((-45)/(-60))?
2, 5, 47
Let p = 986 + 1966. List the prime factors of p.
2, 3, 41
Suppose -78 = -5*x - 388. Let f = x + 108. What are the prime factors of f?
2, 23
Let k(y) = y**3 - y**2 - y + 2. Let u be k(0). Let l be (-436)/(-6) + 30/90. Suppose 0 = -2*r - 3*z + 151, l - 15 = r - u*z. List the prime factors of r.
2, 17
Let d = -63 + 129. Suppose -d = 3*q - 6*q. Suppose -q = -2*s - 2*u, 5*s + 3*u = 4*u + 43. What are the prime factors of s?
3
What are the prime factors of (-402)/6*(6 + -2)/(-4)?
67
What are the prime factors of (-43852)/(-28) - (-4)/(-28)?
2, 3, 29
Suppose -5*v = 25, -4*t - 2*v = -v - 599. Let o = 293 - t. What are the prime factors of o?
2, 71
Suppose 68 = 11*r - 20. Suppose 3*m - r = 13. List the prime factors of m.
7
Let h(l) = 3*l**2 - 3*l - 7. Let u be h(-6). Let m = u + -29. Let d = -32 + m. What are the prime factors of d?
2, 29
Let b(s) = -s**2 - 19*s - 9. Let y(c) = -c**3 + 2*c**2 - 3*c + 3. Let x be y(3). List the prime factors of b(x).
3, 17
Suppose 4*z - 2338 = -d + 8*z, 5*z = -3*d + 6929. List the prime factors of d.
2, 19, 61
Let l = 38 + -53. Let f = l + 54. Suppose i - u - 4 = 6, 4*i - 5*u = f. What are the prime factors of i?
11
Let u = 8278 - 3384. What are the prime factors of u?
2, 2447
Let b be 1*(9 + -7) + (-4)/(-2). What are the prime factors of 640/48*21/b?
2, 5, 7
Let h be 0*(-1)/4 + -25. Let c = h - -27. What are the prime factors of c?
2
Let m be -7*(-2)/7*95*1. Let k = m + -114. What are the prime factors of k?
2, 19
Let g(o) = -o**2. Let b(x) = 3*x**2 - 3*x + 3. Let m(v) = -b(v) - 6*g(v). Suppose -3*r + 14 = j, 0 = -4*j + r + r. What are the prime factors of m(j)?
3, 5
Let x(c) = -c**3 - 12*c**2 - 12*c - 11. Let h be x(-11). Suppose h = -f - i + 97, f - 45 = i + 44. What are the prime factors of f?
3, 31
Let u(y) = -3*y**2 + 15*y - 2. Let a be u(6). Suppose 31 = 7*q + 3. List the prime factors of (-110)/q*24/a.
3, 11
List the prime factors of (13578/(-248))/((-1)/28).
3, 7, 73
Suppose -5*y = -5*i - 30, 0*i = -5*y - 5*i - 10. Suppose -4*s - j -